mon divisor of 2 and q.
2
Suppose -5*r + 172 = 2. Suppose 2*j - 26 = r. What is the highest common factor of j and 150?
30
Let r = 75 - 71. Suppose -2*u = -r*g + g + 578, 381 = 2*g + 3*u. Calculate the greatest common divisor of g and 24.
24
Let d = 861 - 833. Let t = 4 + 24. What is the greatest common divisor of t and d?
28
Let o(w) = 6*w + 93. Let x be o(-8). Calculate the highest common divisor of x and 27.
9
Suppose -6*z + 22 = -2. Let n be 97/z - (-2)/(-8). Calculate the greatest common factor of 16 and n.
8
Let g be 3 + -4*((-69660)/(-8))/(-15). What is the highest common divisor of 93 and g?
93
Let c be 480/(-360) - -37*(-1)/(-3). Suppose -a = -2*a - 1. Let r be (a - -23)*10/4. Calculate the greatest common factor of c and r.
11
Suppose -3*d + 0 = -12. Let o(n) = 2*n**2 - 8*n + 9. Let f be o(d). Suppose -5*k + 27 = -2*k. Calculate the highest common factor of f and k.
9
Let c(r) = -3*r**3 - 3*r**2 + 1. Let m be c(-2). Let o = 71 - 153. Let g = o - -134. Calculate the greatest common factor of m and g.
13
Let x(a) = -702*a**3 - 4*a**2 - 3*a - 1. Let m be x(-1). What is the highest common divisor of 300 and m?
100
Let f = 886 - 843. What is the greatest common factor of f and 172?
43
Let l be 762/((-228)/30 + 8). Calculate the greatest common factor of 15 and l.
15
Let d(y) = -8*y + 3. Let i be d(-5). Suppose -9*o + 1632 + 1077 = 0. What is the highest common factor of i and o?
43
Suppose -2 - 16 = -9*u. Let i be 48 + -1 + u + 1/(-1). What is the greatest common factor of i and 72?
24
Let p be (3/(-9) - 0) + (-50)/(-6). Suppose -86 = -p*k + 58. Calculate the highest common factor of k and 198.
18
Let c = -2 + 5. Suppose -c*x = 5*x - 224. What is the greatest common factor of 112 and x?
28
Let x = -36 + 82. Let r be (3 - (21 + (6 - 1)))/(-1). Calculate the greatest common factor of x and r.
23
Suppose -518 = -8*j + 226. Suppose -5*m + 103 = 4*i, -i = 5*m - 2*i - j. What is the greatest common divisor of 57 and m?
19
Let m(d) = -2*d + 72. Let r be m(12). Calculate the highest common factor of r and 72.
24
Let t(z) = -2*z**2 + 61*z - 77. Let o be t(27). Calculate the highest common factor of 35 and o.
7
Suppose -28 = -3*u + u + 4*c, 39 = 3*u - 5*c. Let x(w) = -w**2 - 4*w + 25. Let t be x(-5). What is the greatest common divisor of u and t?
4
Let y be (7/((-14)/(-136)))/1. Suppose -y + 26 = -2*b. Let x(k) = 2*k - 1. Let i be x(4). What is the greatest common divisor of i and b?
7
Suppose -t + 2*h + 10 = 0, -t - 2*h = -h + 5. Suppose m - 4*d = 139 + 290, t = -2*d. What is the highest common factor of m and 39?
39
Let h = -124 - -204. Suppose 0 = -d - d + h. Calculate the highest common divisor of 160 and d.
40
Let o(k) = -k + 10. Let h be o(7). Suppose 2*r - 4*y - 46 = -h*r, 0 = 5*r - y - 34. Suppose -r*u = -u - 40. Calculate the highest common divisor of u and 8.
8
Suppose -x + 28 = x. Let b(y) = 5*y - 14. Let o be b(9). Suppose 73 - o = j. Calculate the greatest common divisor of x and j.
14
Let c be 22/154 + 162/42. Let k(b) be the second derivative of -7*b**5/5 - b**3/6 - b**2/2 + b. Let q be k(-1). What is the highest common factor of q and c?
4
Let s(v) = v**2 - 5*v - 4. Let x be s(6). Suppose -4*c = 8*c + 2*o - 188, -3*c + 3*o = -54. What is the highest common divisor of c and x?
2
Let j be 103/9 - (20/45)/1. What is the greatest common divisor of 143 and j?
11
Let h(g) = -19*g + 143. Let s be h(7). Calculate the greatest common factor of 170 and s.
10
Suppose 25*s + 152775 = 100*s. Calculate the highest common divisor of s and 21.
21
Suppose -2*j + 3*u - u + 8 = 0, 3*u = -9. Let v(q) = 32*q + 2. Let f be v(j). Let d be 85 - ((-1)/1 - -1). What is the greatest common factor of f and d?
17
Let d = 13 - 7. Let j = -219 - -223. Suppose j*m = m + d. Calculate the highest common factor of m and 18.
2
Suppose 0 = 5*l + 1 + 4. Let y(f) = 18*f + 1. Let r be y(l). Let i = 7 - r. What is the greatest common factor of i and 8?
8
Let h(v) = -3*v**3 + 13*v**2 - 4*v + 5. Let m be h(4). What is the highest common divisor of 25 and m?
5
Let h(m) = -m**2 - 3*m + 4. Let p be h(-3). Let d = -15 - -104. Let u = d + -53. What is the highest common divisor of p and u?
4
Let h be 32/10*3605/206. What is the highest common factor of 322 and h?
14
Let v be (55/(-33)*18)/((-4)/86). Calculate the highest common divisor of v and 516.
129
Let f be (-13 - -2) + 6/(-2). Suppose 9*o = 5 + 283. Let a = f + o. What is the highest common factor of a and 198?
18
Suppose -9*c = -32*c + 414. What is the highest common factor of 522 and c?
18
Let s be (-4 - 3824/(-12)) + 13/39. Calculate the highest common divisor of 35 and s.
35
Let v(w) = 6*w**2 + w - 2. Let t be v(-2). Let f be (-40)/(-30) - (-1192)/6. Calculate the greatest common factor of t and f.
20
Let v be 57/5 + (-24)/60. Suppose -v*t = -2*t - 405. Let y(s) = 15*s. Let l be y(2). What is the highest common divisor of t and l?
15
Let x(n) = n**2 + 7*n + 4. Let z be x(-6). Let o be 39 - (-2 - z)*-1. Suppose 208 = -16*m + 24*m. What is the highest common factor of o and m?
13
Suppose -5*g - 24 = -4*s - g, 2*s - 8 = -2*g. What is the greatest common divisor of 115 and s?
5
Let f be 1/(-1)*(0 + 4). Let i be 1 - 1*(-9 - f). Let a = -32 - -35. What is the greatest common factor of a and i?
3
Let z be ((-185)/15 - -1)*-12. Suppose -4*m + 2*q = -z, q - 93 - 19 = -3*m. What is the greatest common divisor of m and 18?
18
Let w be (-3)/(-1) - 2*(1 + 0). Let c = w - -7. What is the highest common divisor of 56 and c?
8
Suppose -18 = -5*p + 12. Let k be (p - 9)*((1 - -1) + -5). Calculate the highest common divisor of 18 and k.
9
Let n(p) = 48*p - 1. Let m be n(6). Let d = m - 31. Calculate the greatest common factor of d and 32.
32
Let m(h) = -h**3 + 5*h**2 + 9*h - 36. Let c be m(5). What is the highest common divisor of 225 and c?
9
Suppose -5*t + 500 = 3*v, -290*t - v + 300 = -287*t. Let c = -13 - -33. Calculate the greatest common divisor of c and t.
20
Suppose 4*h = 4*c - 68, -2*c = 2*h - 1 - 29. What is the highest common divisor of 1296 and c?
16
Suppose -337*u + 81 = -346*u. Let w be ((-7)/(-4))/(2/(-8)). Let i = w - u. What is the greatest common factor of i and 4?
2
Let m(b) = -1 + 0*b + 0 - 2*b**2 + b**2 + 7*b. Let n be m(6). Calculate the highest common factor of n and 2.
1
Let o = 27 - -10. What is the greatest common divisor of o and 370?
37
Suppose 13*t = 97793 - 33807. What is the highest common divisor of 46 and t?
46
Let l be 17*3 - (-16 + 12). Calculate the greatest common factor of l and 22.
11
Suppose 0 = 4*p + z - 1315, -12*z - 1660 = -5*p - 10*z. What is the greatest common divisor of p and 150?
30
Suppose -4*i = 5*h - 59, 0 = -16*i + 19*i - 3. What is the highest common factor of h and 1177?
11
Let m(a) = -174*a + 47. Let j be m(-1). What is the highest common factor of j and 39?
13
Let x = -99 + 107. What is the greatest common divisor of 44 and x?
4
Let j = 69 + -17. Let p(v) = 2*v - 10. Let w be p(6). Suppose -5*f - w*u = -75, -3*u + 0*u = -15. Calculate the greatest common divisor of j and f.
13
Let c be 17 - 21 - 7*-1. Suppose 2*z = c*z - 8. Calculate the highest common divisor of 8 and z.
8
Let p be 27/(-4)*40/15. Let c = p + 29. Let l = c + -2. Calculate the highest common factor of l and 63.
9
Suppose 3*x + 22 - 7 = 0, u - 537 = 4*x. What is the highest common factor of u and 11?
11
Suppose -3*u + 18 = j + 1, 4*j = 4*u - 12. Let s = -46 - -49. Suppose -r + s*y = -44, 5*r = 4*r - y + 52. Calculate the highest common factor of r and u.
5
Suppose -5*b = -10*b - 55. Let r(z) = 10 + 4*z**2 + 2*z + 14*z + 1. Let f be r(b). Calculate the highest common divisor of f and 29.
29
Let f = -167 + 181. What is the highest common factor of f and 8?
2
Let d be (-97)/(-5) + 22/(-55). Suppose -3*p + 1026 = q, -2*q + q + 342 = p. Suppose i + p = 3*i. Calculate the highest common divisor of i and d.
19
Let d = -58 - -68. What is the greatest common factor of 70 and d?
10
Let w(s) = 9*s**2 - 6*s - 6. Let o be w(-3). Suppose 5*t + 211 + 279 = 0. Let g = t + 160. What is the highest common factor of o and g?
31
Let n(r) = -1 + 3*r**2 - 2 + 0. Let s be n(4). Let z = 34 - 19. Calculate the greatest common factor of z and s.
15
Suppose 32*s = 8*s + 8736. What is the greatest common divisor of s and 56?
28
Let n = 237 